ided by l.
3
Let k(q) = -3*q**3 + q**2 - 2*q + 5. Let f be k(0). Suppose -4*s - 119 = -3*g, -77 = 5*g - f*s - 272. What is the remainder when 116 is divided by g?
5
Let d(c) = -166*c + 1013. Calculate the remainder when d(4) is divided by 17.
9
Let f(c) = 2031*c**2 - 4*c - 3. Calculate the remainder when f(1) is divided by 52.
48
Let k(f) = 2*f**2 + 105*f + 358. Suppose -5*l - 17 = 5*p - 2, -4*l - 10 = 5*p. Calculate the remainder when p - (26 + 2)*-2 is divided by k(-49).
13
Suppose 56 = k + 2*l, -5*k = 5*l - 142 - 133. What is the remainder when k is divided by ((-12)/20 - 1)/(130/(-325))?
2
Let s(y) = -50*y - 13. Suppose 3*p + 61*a - 94 = 60*a, 10 = -5*a. What is the remainder when s(-4) is divided by p?
27
Let d(b) = -2*b - 74. Let j(f) = -2*f - 49. Let c(u) = -5*d(u) + 8*j(u). Let o(i) = 11*i - 5. Calculate the remainder when o(4) is divided by c(-7).
19
What is the remainder when 574 is divided by 1/((-21 - 36)/(-19) + (-356)/119)?
98
Suppose 2*f + 14*z - 634 = 9*z, -f = 2*z - 317. Suppose 2*r = -g + 3*r + f, 0 = 4*g + 3*r - 1303. What is the remainder when g is divided by 13?
10
Suppose 31*r - 27*r = 3*d + 694, 3*d = 2*r - 350. Calculate the remainder when r is divided by 35.
32
Suppose p = -0*p. Suppose p = 9*m - 10*m + 41. Calculate the remainder when 82 is divided by (-2)/(-3 - m/(-14)).
26
Let i = -79 + 73. Calculate the remainder when 111 is divided by 41 + (-18)/(12 + i).
35
Suppose -18 - 19 = -o. Let g = 3670 - 3566. What is the remainder when g is divided by o?
30
Suppose -b + 4*r + 0*r + 1 = 0, -5*r = -2*b + 14. Let j = 102657 - 102599. What is the remainder when j is divided by b?
7
Let r = -2421 - -3691. Calculate the remainder when r is divided by 15.
10
Let q(t) be the first derivative of t**3/3 - 17*t**2/2 + 69*t - 9. Calculate the remainder when q(14) is divided by 4.
3
Let j(v) = -3*v - 71. Let g be j(-32). What is the remainder when 5/(g/(-10)) - -48 is divided by 24?
22
Let s(r) = r**3 + 5*r**2 + 7*r + 17. Let v be s(-4). Suppose 7*w = v*w + 52. Calculate the remainder when 205 is divided by w.
23
Let h = -841 + 949. Calculate the remainder when 160 is divided by h.
52
Let v = 14593 - 14537. What is the remainder when v is divided by 53?
3
Let n = 49 - 13. Calculate the remainder when 33 is divided by (1*14)/(n/9 - 3).
5
Suppose -g = 667 - 1321. Calculate the remainder when g is divided by 126.
24
Let s = 384 + -226. Let v = -311 + s. Let m = v - -219. Calculate the remainder when m is divided by 23.
20
Let b be (-5)/(2 + 14/(-6)). Let u(g) = 46*g + 344. Let p be u(-8). Let i = b - p. What is the remainder when i is divided by 4?
3
Let i(b) = -18*b**2 - 3*b**2 - 2*b**3 + 3*b**3 + b - 11 + 3*b**2. Let n(r) = -7*r + 13. Calculate the remainder when n(-4) is divided by i(18).
6
Calculate the remainder when (5 + 4/12)/(9/2754) is divided by 74.
4
Let c(q) = q**2 + 48*q - 3120. What is the remainder when 260 is divided by c(-85)?
10
Let r(o) = -6*o**3 - 3*o - 1. Let h be (-80)/(-24) - (-1)/(-3). Let v be r(h). Let m = 247 + v. What is the remainder when m is divided by 13?
10
Let k(i) = 4*i**3 - 5*i**2 - 135*i + 1219. What is the remainder when k(8) is divided by 20?
7
What is the remainder when (-1380)/18*66/(-5) + 6 is divided by 85?
83
Suppose 120 = 44*g - 32*g. Suppose -g*s = 3*p - 14*s - 602, -p = -5*s - 208. What is the remainder when p is divided by 40?
38
Suppose -12*r = -9*r - 78. Let u = r - 16. Suppose u*o + 713 = 1883. What is the remainder when o is divided by 20?
17
Let b(r) = -r**3 - 2*r**2 - 2*r + 1. Let d be b(-2). Suppose 0 = 4*c + 26*c - 300. Suppose 0 = c*a - d*a - 260. Calculate the remainder when a is divided by 18.
16
Let o = 50 + 22. Calculate the remainder when (-12)/2*((-76)/2 - 424/159) is divided by o.
28
What is the remainder when (16/48*383)/((-1)/(-3)) is divided by 9?
5
Let k = -93 + 98. Suppose -3*d - k*n = -269, -d - 4*n + 99 = -0*d. Suppose 0 = -6*g + d + 13. What is the remainder when 109 is divided by g?
13
Suppose 2*g + 1948 = x, 0 = -31*x + 34*x - 4*g - 5846. What is the remainder when x is divided by 29?
7
Let f(q) = q**3 + 7*q**2 + 4*q - 4. Let l = -2062 - -3838. Let v = l + -1726. Calculate the remainder when v is divided by f(-5).
24
Let k(b) = 90*b - 2162. What is the remainder when 1801 is divided by k(34)?
5
Calculate the remainder when (15/(-24))/((-66)/352)*33*5 is divided by 64.
38
Suppose -39*x + 6*x + 3541 - 1231 = 0. Calculate the remainder when 5879 is divided by x.
69
Let y = -263 - -410. Let f(k) = -k**3 - 3*k**2 + 11*k + 5. Let r be f(-5). Calculate the remainder when y is divided by ((-30)/35 - r)/((-6)/210).
27
What is the remainder when 2 + 445 + ((-8)/28 - (-8)/28) is divided by 154?
139
Suppose -104*d + 222 + 818 = 0. Calculate the remainder when 319 is divided by d.
9
Suppose 5*u - 240 = -3*k + 8, -4*u = 4*k - 320. Let o = -74 + k. Let r(n) = 3*n**2 + 8*n - 13. What is the remainder when 71 is divided by r(o)?
11
Suppose 0 = -5*n + 60 + 1175. Suppose -6*i + n + 197 = 0. What is the remainder when i is divided by 19?
17
Let g = -4499 + 4929. Calculate the remainder when g is divided by 73.
65
Let i(l) = l**2 + 4*l**2 - 4*l**2 + 28 + 18*l - 26*l. What is the remainder when 93 is divided by i(6)?
13
Suppose -11525*x + 11531*x + 165 - 813 = 0. What is the remainder when 677 is divided by x?
29
Let p = 12 - 8. Suppose -p*o + 65 = o. Suppose 3*v = -40*v + 12*v + 248. Calculate the remainder when o is divided by v.
5
Let k(u) = -14*u - 151. Let w be k(-11). Suppose 5*n = 3*j + 71, 4*n + w*j - 2*j - 67 = 0. What is the remainder when n is divided by 5?
1
Let f(r) = 343*r + 701. What is the remainder when 81 is divided by f(-2)?
6
Let k be 24/(-14) - -4 - 4/14. What is the remainder when k/10*-3 + 2856/10 is divided by 12?
9
Let y be ((-210)/50 + -1*4)*-5. Suppose -57 = -44*m + y*m. Suppose 2*c = 2 + 10. What is the remainder when m is divided by c?
1
Let h(a) = 12*a**2 + 89*a - 188. Calculate the remainder when h(18) is divided by 17.
15
Let j(z) = -z**3 + 15*z**2 - 16*z + 321. Calculate the remainder when 1120 is divided by j(15).
67
Let x be (-7)/(-28) + ((-237)/4)/(-3). Suppose -h = -4, x*h = -4*c + 18*h. What is the remainder when 63 is divided by (c/5)/(2/(-80))?
15
Let v(w) = -785*w - 10. Let m be v(-1). Suppose -2*s = 3*l + 239 - m, 5*l - s = 889. What is the remainder when l is divided by 9?
7
Let g be 11 + -1 + -3 - 6/2. Calculate the remainder when 139 is divided by (392/15 - -9) + g/(-30).
34
Let m = 10 - 1. Let i = 16675 + -16645. Calculate the remainder when i is divided by m.
3
Suppose 2586 + 2026 = 57*b + 280. What is the remainder when 365 is divided by b?
61
Calculate the remainder when 1*30/(-195) - (-1284)/(-26)*-3 is divided by 3.
1
Let v(r) = 3*r**2 - 6*r + 37. What is the remainder when v(13) is divided by 28?
18
Suppose -3*y + l = -5*y + 12, -3*y + 18 = -4*l. Calculate the remainder when (-2889)/(-63) + 3/21 is divided by y.
4
Suppose -5 = 2*k - u, -3*k = -4*k - 5*u - 8. What is the remainder when 90/60*(-62)/k is divided by 7?
3
Let u = -5076 - -5172. Calculate the remainder when 287 is divided by u.
95
Let w(k) = -k + 131. What is the remainder when 1153 is divided by w(63)?
65
Suppose -3*p + 39 = -0*p. Suppose -61*r + 11287 + 5671 = 0. Let g = r + -228. What is the remainder when g is divided by p?
11
Suppose -s = -13 - 1. What is the remainder when ((-261)/(-18))/(1/s) is divided by 51?
50
Suppose -3*u = 5*c - 7 - 7, -4*c - 3*u + 13 = 0. Let w be c*-4 - 72/(-9). What is the remainder when 3/12 - (0 - 191/w) is divided by 10?
8
Let f(h) = 3*h**2 - 7*h + 6. What is the remainder when f(4) is divided by 40/48*(3/(36/264) - 4)?
11
Suppose 52 = -3*p + 64. Suppose p*m - 38 = -2*h, 25 = -3*m + 5*h + 21. Calculate the remainder when 40 is divided by m.
5
Suppose 4*p + 4*q - 92 = 0, -11*p + 7*p + 36 = -3*q. What is the remainder when 1740 is divided by p?
0
Suppose -2299*p - 797*p = 130*p - 235498. What is the remainder when 0 + 1/1 + 287 is divided by p?
69
Suppose -66 = -3*g + 6. Let z = -11 + 3. Let p = 1 - z. What is the remainder when g is divided by p?
6
Suppose -3892*t = -3833*t - 198181. Calculate the remainder when t is divided by 48.
47
What is the remainder when 3017 is divided by -13 + 9 + 1017 + 27/(-3)?
5
Let a(h) = h**3 + 31*h**2 - 6